{"id":1138,"date":"2023-09-22T08:08:48","date_gmt":"2023-09-22T08:08:48","guid":{"rendered":"https:\/\/newepos.edisoft.net\/?page_id=1138"},"modified":"2024-08-05T09:15:09","modified_gmt":"2024-08-05T09:15:09","slug":"diventa-rivenditore-epos","status":"publish","type":"page","link":"https:\/\/epossoftware.it\/?page_id=1138","title":{"rendered":"LAVORA CON NOI"},"content":{"rendered":"\t\t<div data-elementor-type=\"wp-page\" data-elementor-id=\"1138\" class=\"elementor elementor-1138\" data-elementor-post-type=\"page\">\n\t\t\t\t\t\t<section class=\"elementor-section elementor-top-section elementor-element elementor-element-ac5279f elementor-section-height-full elementor-section-boxed elementor-section-height-default elementor-section-items-middle wpr-particle-no wpr-jarallax-no wpr-parallax-no wpr-sticky-section-no\" data-id=\"ac5279f\" data-element_type=\"section\" data-settings=\"{&quot;background_background&quot;:&quot;classic&quot;}\">\n\t\t\t\t\t\t<div class=\"elementor-container elementor-column-gap-default\">\n\t\t\t\t\t<div class=\"elementor-column elementor-col-50 elementor-top-column elementor-element elementor-element-abef9af elementor-invisible\" data-id=\"abef9af\" data-element_type=\"column\" data-settings=\"{&quot;animation&quot;:&quot;fadeInUp&quot;}\">\n\t\t\t<div class=\"elementor-widget-wrap elementor-element-populated\">\n\t\t\t\t\t\t<div class=\"elementor-element elementor-element-221f86f elementor-widget elementor-widget-heading\" data-id=\"221f86f\" data-element_type=\"widget\" data-widget_type=\"heading.default\">\n\t\t\t\t<div class=\"elementor-widget-container\">\n\t\t\t\t\t<h2 class=\"elementor-heading-title elementor-size-default\">LAVORA CON NOI<\/h2>\t\t\t\t<\/div>\n\t\t\t\t<\/div>\n\t\t\t\t\t<\/div>\n\t\t<\/div>\n\t\t\t\t<div class=\"elementor-column elementor-col-50 elementor-top-column elementor-element elementor-element-70727e0 elementor-hidden-tablet elementor-hidden-mobile\" data-id=\"70727e0\" data-element_type=\"column\" data-settings=\"{&quot;background_background&quot;:&quot;slideshow&quot;,&quot;background_slideshow_gallery&quot;:[],&quot;background_slideshow_loop&quot;:&quot;yes&quot;,&quot;background_slideshow_slide_duration&quot;:5000,&quot;background_slideshow_slide_transition&quot;:&quot;fade&quot;,&quot;background_slideshow_transition_duration&quot;:500}\">\n\t\t\t<div class=\"elementor-widget-wrap\">\n\t\t\t\t\t\t\t<\/div>\n\t\t<\/div>\n\t\t\t\t\t<\/div>\n\t\t<\/section>\n\t\t\t\t<section class=\"elementor-section elementor-top-section elementor-element elementor-element-1f9f9b53 elementor-section-boxed elementor-section-height-default elementor-section-height-default wpr-particle-no wpr-jarallax-no wpr-parallax-no wpr-sticky-section-no\" data-id=\"1f9f9b53\" data-element_type=\"section\">\n\t\t\t\t\t\t<div class=\"elementor-container elementor-column-gap-wide\">\n\t\t\t\t\t<div class=\"elementor-column elementor-col-50 elementor-top-column elementor-element elementor-element-57f91f6d elementor-invisible\" data-id=\"57f91f6d\" data-element_type=\"column\" data-settings=\"{&quot;animation&quot;:&quot;fadeInUp&quot;}\">\n\t\t\t<div class=\"elementor-widget-wrap elementor-element-populated\">\n\t\t\t\t\t\t<div class=\"elementor-element elementor-element-73bf72b8 elementor-widget elementor-widget-heading\" data-id=\"73bf72b8\" data-element_type=\"widget\" data-widget_type=\"heading.default\">\n\t\t\t\t<div class=\"elementor-widget-container\">\n\t\t\t\t\t<h2 class=\"elementor-heading-title elementor-size-default\">DIVENTA UN<\/h2>\t\t\t\t<\/div>\n\t\t\t\t<\/div>\n\t\t\t\t<div class=\"elementor-element elementor-element-67cecbd0 elementor-widget elementor-widget-heading\" data-id=\"67cecbd0\" data-element_type=\"widget\" data-widget_type=\"heading.default\">\n\t\t\t\t<div class=\"elementor-widget-container\">\n\t\t\t\t\t<h2 class=\"elementor-heading-title elementor-size-default\">RIVENDITORE EPOS<\/h2>\t\t\t\t<\/div>\n\t\t\t\t<\/div>\n\t\t\t\t<div class=\"elementor-element elementor-element-41af834f elementor-widget elementor-widget-text-editor\" data-id=\"41af834f\" data-element_type=\"widget\" data-widget_type=\"text-editor.default\">\n\t\t\t\t<div class=\"elementor-widget-container\">\n\t\t\t\t\t\t\t\t\t<p>Diventa un rivenditore EPOS si tratta di processo semplice che siamo entusiasti di aiutarti a completare. Se sei interessato a conoscere di pi\u00f9 su questa opportunit\u00e0 e ad inviare la tua candidatura, non esitare a contattarci. <br \/>Dopo aver completato la selezione, ti invieremo una e-mail dettagliata con una brochure e istruzioni specifiche su come iniziare il tuo viaggio come rivenditore del software Edisoft. A partire da quel momento, potrai beneficiare di condizioni speciali e accedere al pannello del rivenditore, che ti aiuter\u00e0 a gestire facilmente la tua attivit\u00e0.<\/p>\t\t\t\t\t\t\t\t<\/div>\n\t\t\t\t<\/div>\n\t\t\t\t<div class=\"elementor-element elementor-element-766f68a wpr-button-icon-style-inline wpr-button-icon-position-right elementor-widget elementor-widget-wpr-button\" data-id=\"766f68a\" data-element_type=\"widget\" data-widget_type=\"wpr-button.default\">\n\t\t\t\t<div class=\"elementor-widget-container\">\n\t\t\t\t\t\t\n\t\t\t\n\t\t\n\t\t<div class=\"wpr-button-wrap elementor-clearfix\">\n\t\t<a class=\"wpr-button wpr-button-effect wpr-button-none\" data-text=\"Go\" href=\"https:\/\/epossoftware.it\/?page_id=11\">\n\t\t\t\n\t\t\t<span class=\"wpr-button-content\">\n\t\t\t\t\t\t\t\t\t<span class=\"wpr-button-text\">RICHIEDI INFORMAZIONI<\/span>\n\t\t\t\t\t\t\t\t\n\t\t\t\t\t\t\t<\/span>\n\t\t<\/a>\n\n\t\t\t\t<\/div>\n\t\n\t\n\t\t\t\t\t<\/div>\n\t\t\t\t<\/div>\n\t\t\t\t<div class=\"elementor-element elementor-element-01b388b wpr-button-icon-style-inline wpr-button-icon-position-right elementor-widget elementor-widget-wpr-button\" data-id=\"01b388b\" data-element_type=\"widget\" data-widget_type=\"wpr-button.default\">\n\t\t\t\t<div class=\"elementor-widget-container\">\n\t\t\t\t\t\t\n\t\t\t\n\t\t\n\t\t<div class=\"wpr-button-wrap elementor-clearfix\">\n\t\t<a class=\"wpr-button wpr-button-effect wpr-button-none\" data-text=\"Go\" href=\"mailto:commerciale@edisoft.net\">\n\t\t\t\n\t\t\t<span class=\"wpr-button-content\">\n\t\t\t\t\t\t\t\t\t<span class=\"wpr-button-text\">DIVENTA RIVENDITORE EPOS<\/span>\n\t\t\t\t\t\t\t\t\n\t\t\t\t\t\t\t<\/span>\n\t\t<\/a>\n\n\t\t\t\t<\/div>\n\t\n\t\n\t\t\t\t\t<\/div>\n\t\t\t\t<\/div>\n\t\t\t\t\t<\/div>\n\t\t<\/div>\n\t\t\t\t<div class=\"elementor-column elementor-col-50 elementor-top-column elementor-element elementor-element-7500d276 elementor-hidden-tablet elementor-hidden-mobile elementor-invisible\" data-id=\"7500d276\" data-element_type=\"column\" data-settings=\"{&quot;animation&quot;:&quot;fadeInUp&quot;}\">\n\t\t\t<div class=\"elementor-widget-wrap elementor-element-populated\">\n\t\t\t\t\t\t<div class=\"elementor-element elementor-element-5ea9e5a0 elementor-widget elementor-widget-image\" data-id=\"5ea9e5a0\" data-element_type=\"widget\" data-widget_type=\"image.default\">\n\t\t\t\t<div class=\"elementor-widget-container\">\n\t\t\t\t\t\t\t\t\t\t\t\t\t\t\t<img fetchpriority=\"high\" decoding=\"async\" width=\"980\" height=\"980\" src=\"https:\/\/epossoftware.it\/wp-content\/uploads\/2023\/09\/COMMERCIALE-1024x1024.png\" class=\"attachment-large size-large wp-image-1150\" alt=\"\" srcset=\"https:\/\/epossoftware.it\/wp-content\/uploads\/2023\/09\/COMMERCIALE-1024x1024.png 1024w, https:\/\/epossoftware.it\/wp-content\/uploads\/2023\/09\/COMMERCIALE-300x300.png 300w, https:\/\/epossoftware.it\/wp-content\/uploads\/2023\/09\/COMMERCIALE-150x150.png 150w, https:\/\/epossoftware.it\/wp-content\/uploads\/2023\/09\/COMMERCIALE-768x768.png 768w, https:\/\/epossoftware.it\/wp-content\/uploads\/2023\/09\/COMMERCIALE.png 1080w\" sizes=\"(max-width: 980px) 100vw, 980px\" \/>\t\t\t\t\t\t\t\t\t\t\t\t\t\t\t<\/div>\n\t\t\t\t<\/div>\n\t\t\t\t\t<\/div>\n\t\t<\/div>\n\t\t\t\t\t<\/div>\n\t\t<\/section>\n\t\t\t\t<section class=\"elementor-section elementor-top-section elementor-element elementor-element-78f31871 elementor-section-boxed elementor-section-height-default elementor-section-height-default wpr-particle-no wpr-jarallax-no wpr-parallax-no wpr-sticky-section-no elementor-invisible\" data-id=\"78f31871\" data-element_type=\"section\" data-settings=\"{&quot;animation&quot;:&quot;fadeIn&quot;}\">\n\t\t\t\t\t\t<div class=\"elementor-container elementor-column-gap-default\">\n\t\t\t\t\t<div class=\"elementor-column elementor-col-100 elementor-top-column elementor-element elementor-element-584149a0\" data-id=\"584149a0\" data-element_type=\"column\" data-settings=\"{&quot;background_background&quot;:&quot;classic&quot;}\">\n\t\t\t<div class=\"elementor-widget-wrap elementor-element-populated\">\n\t\t\t\t\t\t<div class=\"elementor-element elementor-element-55a0fabf elementor-widget elementor-widget-heading\" data-id=\"55a0fabf\" data-element_type=\"widget\" data-widget_type=\"heading.default\">\n\t\t\t\t<div class=\"elementor-widget-container\">\n\t\t\t\t\t<h2 class=\"elementor-heading-title elementor-size-default\">PERCHE' FAR PARTE DEL TEAM EDISOFT<\/h2>\t\t\t\t<\/div>\n\t\t\t\t<\/div>\n\t\t\t\t<div class=\"elementor-element elementor-element-171a14c9 elementor-widget elementor-widget-heading\" data-id=\"171a14c9\" data-element_type=\"widget\" data-widget_type=\"heading.default\">\n\t\t\t\t<div class=\"elementor-widget-container\">\n\t\t\t\t\t<h2 class=\"elementor-heading-title elementor-size-default\">DIVENTA RIVENDITORE EPOS AUTONOMO<\/h2>\t\t\t\t<\/div>\n\t\t\t\t<\/div>\n\t\t\t\t<div class=\"elementor-element elementor-element-1fe5fb5f elementor-widget elementor-widget-text-editor\" data-id=\"1fe5fb5f\" data-element_type=\"widget\" data-widget_type=\"text-editor.default\">\n\t\t\t\t<div class=\"elementor-widget-container\">\n\t\t\t\t\t\t\t\t\t<p>Se sei un venditore e ti appassiona il mondo IT e dei software, abbiamo il lavoro giusto per te! Stiamo cercando delle figura autonome da inserire nel nostre reparto rivenditori software per amplicare il mercato del nostro gestionale EPOS. Una tecnologia avanzata e ad elevato valore aggiunto, deciderai tu il tuo margine di profitto e sarai seguito da noi per la formazione e l&#8217;assitenza, tutto il lato delle vendite lo gestirai in completa autonomia!<\/p>\t\t\t\t\t\t\t\t<\/div>\n\t\t\t\t<\/div>\n\t\t\t\t<div class=\"elementor-element elementor-element-3648d876 wpr-button-icon-style-inline wpr-button-icon-position-right elementor-widget elementor-widget-wpr-button\" data-id=\"3648d876\" data-element_type=\"widget\" data-widget_type=\"wpr-button.default\">\n\t\t\t\t<div class=\"elementor-widget-container\">\n\t\t\t\t\t\t\n\t\t\t\n\t\t\n\t\t<div class=\"wpr-button-wrap elementor-clearfix\">\n\t\t<a class=\"wpr-button wpr-button-effect wpr-button-none\" data-text=\"Go\" href=\"mailto:commerciale@edisoft.net\">\n\t\t\t\n\t\t\t<span class=\"wpr-button-content\">\n\t\t\t\t\t\t\t\t\t<span class=\"wpr-button-text\">DIVENTA RIVENDITORE EPOS<\/span>\n\t\t\t\t\t\t\t\t\n\t\t\t\t\t\t\t<\/span>\n\t\t<\/a>\n\n\t\t\t\t<\/div>\n\t\n\t\n\t\t\t\t\t<\/div>\n\t\t\t\t<\/div>\n\t\t\t\t<section class=\"elementor-section elementor-inner-section elementor-element elementor-element-6146139c elementor-section-boxed elementor-section-height-default elementor-section-height-default wpr-particle-no wpr-jarallax-no wpr-parallax-no wpr-sticky-section-no\" data-id=\"6146139c\" data-element_type=\"section\">\n\t\t\t\t\t\t<div class=\"elementor-container elementor-column-gap-default\">\n\t\t\t\t\t<div class=\"elementor-column elementor-col-16 elementor-inner-column elementor-element elementor-element-36847491\" data-id=\"36847491\" data-element_type=\"column\">\n\t\t\t<div class=\"elementor-widget-wrap elementor-element-populated\">\n\t\t\t\t\t\t<div class=\"elementor-element elementor-element-1a8b2bbe elementor-position-top elementor-widget elementor-widget-image-box\" data-id=\"1a8b2bbe\" data-element_type=\"widget\" data-widget_type=\"image-box.default\">\n\t\t\t\t<div class=\"elementor-widget-container\">\n\t\t\t\t\t<div class=\"elementor-image-box-wrapper\"><figure class=\"elementor-image-box-img\"><img decoding=\"async\" width=\"350\" height=\"350\" src=\"https:\/\/epossoftware.it\/wp-content\/uploads\/2023\/09\/Mask-group-2.png\" class=\"attachment-full size-full wp-image-1054\" alt=\"\" srcset=\"https:\/\/epossoftware.it\/wp-content\/uploads\/2023\/09\/Mask-group-2.png 350w, https:\/\/epossoftware.it\/wp-content\/uploads\/2023\/09\/Mask-group-2-300x300.png 300w, https:\/\/epossoftware.it\/wp-content\/uploads\/2023\/09\/Mask-group-2-150x150.png 150w\" sizes=\"(max-width: 350px) 100vw, 350px\" \/><\/figure><div class=\"elementor-image-box-content\"><h3 class=\"elementor-image-box-title\">OTTIMI MARGINI<\/h3><p class=\"elementor-image-box-description\">Le condizioni che sono state specificamente riservate per te sono progettate per garantirti un margine significativo, consentendoti di mantenere la tua competitivit\u00e0 nel campo delle proposte di vendita. Queste condizioni ti forniranno un livello di flessibilit\u00e0 e adattabilit\u00e0 che ti permetter\u00e0 di modificare il tuo prezzo e altre strategie di vendita, se necessario, per rimanere al passo con la concorrenza. <\/p><\/div><\/div>\t\t\t\t<\/div>\n\t\t\t\t<\/div>\n\t\t\t\t\t<\/div>\n\t\t<\/div>\n\t\t\t\t<div class=\"elementor-column elementor-col-16 elementor-inner-column elementor-element elementor-element-2e9e5640\" data-id=\"2e9e5640\" data-element_type=\"column\">\n\t\t\t<div class=\"elementor-widget-wrap elementor-element-populated\">\n\t\t\t\t\t\t<div class=\"elementor-element elementor-element-1e4bc50 elementor-position-top elementor-widget elementor-widget-image-box\" data-id=\"1e4bc50\" data-element_type=\"widget\" data-widget_type=\"image-box.default\">\n\t\t\t\t<div class=\"elementor-widget-container\">\n\t\t\t\t\t<div class=\"elementor-image-box-wrapper\"><figure class=\"elementor-image-box-img\"><img decoding=\"async\" width=\"350\" height=\"350\" src=\"https:\/\/epossoftware.it\/wp-content\/uploads\/2023\/09\/Mask-group-3.png\" class=\"attachment-full size-full wp-image-1052\" alt=\"\" srcset=\"https:\/\/epossoftware.it\/wp-content\/uploads\/2023\/09\/Mask-group-3.png 350w, https:\/\/epossoftware.it\/wp-content\/uploads\/2023\/09\/Mask-group-3-300x300.png 300w, https:\/\/epossoftware.it\/wp-content\/uploads\/2023\/09\/Mask-group-3-150x150.png 150w\" sizes=\"(max-width: 350px) 100vw, 350px\" \/><\/figure><div class=\"elementor-image-box-content\"><h3 class=\"elementor-image-box-title\">ZERO SPESE<\/h3><p class=\"elementor-image-box-description\">Grazie alla consegna in formato elettronico delle licenze, non solo risparmi denaro, ma anche tempo e risorse preziose. In questo modo, potrai ottenere in modo semplice e immediato le licenze da offrire ai tuoi clienti, senza dover aspettare lunghe attese per la consegna e senza incorrere in spese extra. Le licenze saranno pronte per essere installate e utilizzate in modo rapido e intuitivo, fornendo al tuo cliente una soluzione efficiente e moderna per soddisfare le proprie esigenze informatiche.<\/p><\/div><\/div>\t\t\t\t<\/div>\n\t\t\t\t<\/div>\n\t\t\t\t\t<\/div>\n\t\t<\/div>\n\t\t\t\t<div class=\"elementor-column elementor-col-16 elementor-inner-column elementor-element elementor-element-3d7d8dcd\" data-id=\"3d7d8dcd\" data-element_type=\"column\">\n\t\t\t<div class=\"elementor-widget-wrap elementor-element-populated\">\n\t\t\t\t\t\t<div class=\"elementor-element elementor-element-757d7278 elementor-position-top elementor-widget elementor-widget-image-box\" data-id=\"757d7278\" data-element_type=\"widget\" data-widget_type=\"image-box.default\">\n\t\t\t\t<div class=\"elementor-widget-container\">\n\t\t\t\t\t<div class=\"elementor-image-box-wrapper\"><figure class=\"elementor-image-box-img\"><img loading=\"lazy\" decoding=\"async\" width=\"350\" height=\"350\" src=\"https:\/\/epossoftware.it\/wp-content\/uploads\/2023\/09\/Mask-group.png\" class=\"attachment-full size-full wp-image-1053\" alt=\"\" srcset=\"https:\/\/epossoftware.it\/wp-content\/uploads\/2023\/09\/Mask-group.png 350w, https:\/\/epossoftware.it\/wp-content\/uploads\/2023\/09\/Mask-group-300x300.png 300w, https:\/\/epossoftware.it\/wp-content\/uploads\/2023\/09\/Mask-group-150x150.png 150w\" sizes=\"(max-width: 350px) 100vw, 350px\" \/><\/figure><div class=\"elementor-image-box-content\"><h3 class=\"elementor-image-box-title\">FORMAZIONE GRATUITA<\/h3><p class=\"elementor-image-box-description\">Il nostro programma include formazione, materiali di marketing e supporto continuo, garantendo il vostro successo come rivenditore EPOS. Quindi, cosa state aspettando? Iniziate a guadagnare denaro, aiutare i vostri clienti e far crescere la vostra attivit\u00e0 oggi stesso iscrivendovi per diventare un rivenditore EPOS!<\/p><\/div><\/div>\t\t\t\t<\/div>\n\t\t\t\t<\/div>\n\t\t\t\t\t<\/div>\n\t\t<\/div>\n\t\t\t\t<div class=\"elementor-column elementor-col-16 elementor-inner-column elementor-element elementor-element-1f55dbd6\" data-id=\"1f55dbd6\" data-element_type=\"column\">\n\t\t\t<div class=\"elementor-widget-wrap elementor-element-populated\">\n\t\t\t\t\t\t<div class=\"elementor-element elementor-element-53e5427c elementor-position-top elementor-widget elementor-widget-image-box\" data-id=\"53e5427c\" data-element_type=\"widget\" data-widget_type=\"image-box.default\">\n\t\t\t\t<div class=\"elementor-widget-container\">\n\t\t\t\t\t<div class=\"elementor-image-box-wrapper\"><figure class=\"elementor-image-box-img\"><img decoding=\"async\" width=\"350\" height=\"350\" src=\"https:\/\/epossoftware.it\/wp-content\/uploads\/2023\/09\/Mask-group-3.png\" class=\"attachment-full size-full wp-image-1052\" alt=\"\" srcset=\"https:\/\/epossoftware.it\/wp-content\/uploads\/2023\/09\/Mask-group-3.png 350w, https:\/\/epossoftware.it\/wp-content\/uploads\/2023\/09\/Mask-group-3-300x300.png 300w, https:\/\/epossoftware.it\/wp-content\/uploads\/2023\/09\/Mask-group-3-150x150.png 150w\" sizes=\"(max-width: 350px) 100vw, 350px\" \/><\/figure><div class=\"elementor-image-box-content\"><h3 class=\"elementor-image-box-title\">NESSUN INVESTIMENTO INIZIALE<\/h3><p class=\"elementor-image-box-description\">Il nostro programma di rivenditori \u00e8 appositamente progettato per eliminare qualsiasi costo iniziale in modo da poter stare tranquilli che i vostri soldi non saranno bloccati. Crediamo che tutti debbano avere accesso a prodotti e servizi EPOS di qualit\u00e0 senza preoccuparsi di un grosso investimento. Unendovi al nostro programma, potete offrire ai vostri clienti soluzioni EPOS di alta qualit\u00e0 a prezzi competitivi e mantenere margini consistenti per voi stessi.<\/p><\/div><\/div>\t\t\t\t<\/div>\n\t\t\t\t<\/div>\n\t\t\t\t\t<\/div>\n\t\t<\/div>\n\t\t\t\t<div class=\"elementor-column elementor-col-16 elementor-inner-column elementor-element elementor-element-4a059057\" data-id=\"4a059057\" data-element_type=\"column\">\n\t\t\t<div class=\"elementor-widget-wrap elementor-element-populated\">\n\t\t\t\t\t\t<div class=\"elementor-element elementor-element-77026a9d elementor-position-top elementor-widget elementor-widget-image-box\" data-id=\"77026a9d\" data-element_type=\"widget\" data-widget_type=\"image-box.default\">\n\t\t\t\t<div class=\"elementor-widget-container\">\n\t\t\t\t\t<div class=\"elementor-image-box-wrapper\"><figure class=\"elementor-image-box-img\"><img decoding=\"async\" width=\"350\" height=\"350\" src=\"https:\/\/epossoftware.it\/wp-content\/uploads\/2023\/09\/Mask-group-2.png\" class=\"attachment-full size-full wp-image-1054\" alt=\"\" srcset=\"https:\/\/epossoftware.it\/wp-content\/uploads\/2023\/09\/Mask-group-2.png 350w, https:\/\/epossoftware.it\/wp-content\/uploads\/2023\/09\/Mask-group-2-300x300.png 300w, https:\/\/epossoftware.it\/wp-content\/uploads\/2023\/09\/Mask-group-2-150x150.png 150w\" sizes=\"(max-width: 350px) 100vw, 350px\" \/><\/figure><div class=\"elementor-image-box-content\"><h3 class=\"elementor-image-box-title\">NESSUN VINCOLO<\/h3><p class=\"elementor-image-box-description\">Per mantenere la qualifica di Rivenditore ti basta un numero minimo di acquisti all'anno. Non sei obbligato a raggiungere obiettivi di fatturato.<\/p><\/div><\/div>\t\t\t\t<\/div>\n\t\t\t\t<\/div>\n\t\t\t\t\t<\/div>\n\t\t<\/div>\n\t\t\t\t<div class=\"elementor-column elementor-col-16 elementor-inner-column elementor-element elementor-element-96dd8c7\" data-id=\"96dd8c7\" data-element_type=\"column\">\n\t\t\t<div class=\"elementor-widget-wrap elementor-element-populated\">\n\t\t\t\t\t\t<div class=\"elementor-element elementor-element-dce0743 elementor-position-top elementor-widget elementor-widget-image-box\" data-id=\"dce0743\" data-element_type=\"widget\" data-widget_type=\"image-box.default\">\n\t\t\t\t<div class=\"elementor-widget-container\">\n\t\t\t\t\t<div class=\"elementor-image-box-wrapper\"><figure class=\"elementor-image-box-img\"><img loading=\"lazy\" decoding=\"async\" width=\"350\" height=\"350\" src=\"https:\/\/epossoftware.it\/wp-content\/uploads\/2023\/09\/Mask-group.png\" class=\"attachment-full size-full wp-image-1053\" alt=\"\" srcset=\"https:\/\/epossoftware.it\/wp-content\/uploads\/2023\/09\/Mask-group.png 350w, https:\/\/epossoftware.it\/wp-content\/uploads\/2023\/09\/Mask-group-300x300.png 300w, https:\/\/epossoftware.it\/wp-content\/uploads\/2023\/09\/Mask-group-150x150.png 150w\" sizes=\"(max-width: 350px) 100vw, 350px\" \/><\/figure><div class=\"elementor-image-box-content\"><h3 class=\"elementor-image-box-title\">PANNELLO RIVENDITORE EPOS<\/h3><p class=\"elementor-image-box-description\">Consulta in tempo reale il pannello Rivenditore sul sito EPOS e tieni sotto controllo lo stato dei tuoi ordini e delle licenze dei tuoi clienti.<\/p><\/div><\/div>\t\t\t\t<\/div>\n\t\t\t\t<\/div>\n\t\t\t\t\t<\/div>\n\t\t<\/div>\n\t\t\t\t\t<\/div>\n\t\t<\/section>\n\t\t\t\t\t<\/div>\n\t\t<\/div>\n\t\t\t\t\t<\/div>\n\t\t<\/section>\n\t\t\t\t<\/div>\n\t\t","protected":false},"excerpt":{"rendered":"<p>LAVORA CON NOI DIVENTA UN RIVENDITORE EPOS Diventa un rivenditore EPOS si tratta di processo semplice che siamo entusiasti di aiutarti a completare. Se sei interessato a conoscere di pi\u00f9 su questa opportunit\u00e0 e ad inviare la tua candidatura, non esitare a contattarci. Dopo aver completato la selezione, ti invieremo una e-mail dettagliata con una brochure e istruzioni specifiche su come iniziare il tuo viaggio come rivenditore del software Edisoft. A partire da quel momento, potrai beneficiare di condizioni speciali e accedere al pannello del rivenditore, che ti aiuter\u00e0 a gestire facilmente la tua attivit\u00e0. RICHIEDI INFORMAZIONI DIVENTA RIVENDITORE EPOS PERCHE&#8217; FAR PARTE DEL TEAM EDISOFT DIVENTA RIVENDITORE EPOS AUTONOMO Se sei un venditore e ti appassiona il mondo IT e dei software, abbiamo il lavoro giusto per te! Stiamo cercando delle figura autonome da inserire nel nostre reparto rivenditori software per amplicare il mercato del nostro gestionale EPOS. Una tecnologia avanzata e ad elevato valore aggiunto, deciderai tu il tuo margine di profitto e sarai seguito da noi per la formazione e l&#8217;assitenza, tutto il lato delle vendite lo gestirai in completa autonomia! DIVENTA RIVENDITORE EPOS OTTIMI MARGINI Le condizioni che sono state specificamente riservate per te sono progettate per garantirti un margine significativo, consentendoti di mantenere la tua competitivit\u00e0 nel campo delle proposte di vendita. Queste condizioni ti forniranno un livello di flessibilit\u00e0 e adattabilit\u00e0 che ti permetter\u00e0 di modificare il tuo prezzo e altre strategie di vendita, se necessario, per rimanere al passo con la concorrenza. ZERO SPESE Grazie alla consegna in formato elettronico delle licenze, non solo risparmi denaro, ma anche tempo e risorse preziose. In questo modo, potrai ottenere in modo semplice e immediato le licenze da offrire ai tuoi clienti, senza dover aspettare lunghe attese per la consegna e senza incorrere in spese extra. Le licenze saranno pronte per essere installate e utilizzate in modo rapido e intuitivo, fornendo al tuo cliente una soluzione efficiente e moderna per soddisfare le proprie esigenze informatiche. FORMAZIONE GRATUITA Il nostro programma include formazione, materiali di marketing e supporto continuo, garantendo il vostro successo come rivenditore EPOS. Quindi, cosa state aspettando? Iniziate a guadagnare denaro, aiutare i vostri clienti e far crescere la vostra attivit\u00e0 oggi stesso iscrivendovi per diventare un rivenditore EPOS! NESSUN INVESTIMENTO INIZIALE Il nostro programma di rivenditori \u00e8 appositamente progettato per eliminare qualsiasi costo iniziale in modo da poter stare tranquilli che i vostri soldi non saranno bloccati. Crediamo che tutti debbano avere accesso a prodotti e servizi EPOS di qualit\u00e0 senza preoccuparsi di un grosso investimento. Unendovi al nostro programma, potete offrire ai vostri clienti soluzioni EPOS di alta qualit\u00e0 a prezzi competitivi e mantenere margini consistenti per voi stessi. NESSUN VINCOLO Per mantenere la qualifica di Rivenditore ti basta un numero minimo di acquisti all&#8217;anno. Non sei obbligato a raggiungere obiettivi di fatturato. PANNELLO RIVENDITORE EPOS Consulta in tempo reale il pannello Rivenditore sul sito EPOS e tieni sotto controllo lo stato dei tuoi ordini e delle licenze dei tuoi clienti.<\/p>\n","protected":false},"author":1,"featured_media":0,"parent":0,"menu_order":0,"comment_status":"closed","ping_status":"closed","template":"elementor_canvas","meta":{"om_disable_all_campaigns":false,"_monsterinsights_skip_tracking":false,"_monsterinsights_sitenote_active":false,"_monsterinsights_sitenote_note":"","_monsterinsights_sitenote_category":0,"footnotes":""},"class_list":["post-1138","page","type-page","status-publish","hentry"],"aioseo_notices":[],"_links":{"self":[{"href":"https:\/\/epossoftware.it\/index.php?rest_route=\/wp\/v2\/pages\/1138","targetHints":{"allow":["GET"]}}],"collection":[{"href":"https:\/\/epossoftware.it\/index.php?rest_route=\/wp\/v2\/pages"}],"about":[{"href":"https:\/\/epossoftware.it\/index.php?rest_route=\/wp\/v2\/types\/page"}],"author":[{"embeddable":true,"href":"https:\/\/epossoftware.it\/index.php?rest_route=\/wp\/v2\/users\/1"}],"replies":[{"embeddable":true,"href":"https:\/\/epossoftware.it\/index.php?rest_route=%2Fwp%2Fv2%2Fcomments&post=1138"}],"version-history":[{"count":148,"href":"https:\/\/epossoftware.it\/index.php?rest_route=\/wp\/v2\/pages\/1138\/revisions"}],"predecessor-version":[{"id":2354,"href":"https:\/\/epossoftware.it\/index.php?rest_route=\/wp\/v2\/pages\/1138\/revisions\/2354"}],"wp:attachment":[{"href":"https:\/\/epossoftware.it\/index.php?rest_route=%2Fwp%2Fv2%2Fmedia&parent=1138"}],"curies":[{"name":"wp","href":"https:\/\/api.w.org\/{rel}","templated":true}]}}